e remainder when 57 is divided by 11.
2
What is the remainder when 61 is divided by 50?
11
What is the remainder when 2745 is divided by 767?
444
What is the remainder when 2344 is divided by 24?
16
Calculate the remainder when 474 is divided by 40.
34
What is the remainder when 1571 is divided by 197?
192
What is the remainder when 58 is divided by 5?
3
What is the remainder when 1061 is divided by 38?
35
What is the remainder when 339 is divided by 30?
9
What is the remainder when 101877 is divided by 60?
57
What is the remainder when 258 is divided by 66?
60
Calculate the remainder when 3508 is divided by 117.
115
Calculate the remainder when 982 is divided by 165.
157
What is the remainder when 431 is divided by 14?
11
What is the remainder when 4805 is divided by 96?
5
What is the remainder when 347 is divided by 39?
35
Calculate the remainder when 1268 is divided by 147.
92
What is the remainder when 205 is divided by 109?
96
Calculate the remainder when 178 is divided by 96.
82
Calculate the remainder when 247 is divided by 62.
61
Calculate the remainder when 369 is divided by 25.
19
Calculate the remainder when 322 is divided by 80.
2
What is the remainder when 6788 is divided by 12?
8
What is the remainder when 738 is divided by 685?
53
What is the remainder when 2145 is divided by 47?
30
Calculate the remainder when 103 is divided by 54.
49
What is the remainder when 731 is divided by 20?
11
What is the remainder when 429 is divided by 91?
65
Calculate the remainder when 101 is divided by 4.
1
What is the remainder when 1745 is divided by 19?
16
Calculate the remainder when 20 is divided by 10.
0
What is the remainder when 1452 is divided by 27?
21
Calculate the remainder when 334 is divided by 107.
13
What is the remainder when 1535 is divided by 57?
53
What is the remainder when 2699 is divided by 895?
14
What is the remainder when 138 is divided by 41?
15
Calculate the remainder when 63 is divided by 22.
19
What is the remainder when 217 is divided by 67?
16
Calculate the remainder when 801 is divided by 258.
27
What is the remainder when 2348 is divided by 40?
28
Calculate the remainder when 317 is divided by 10.
7
What is the remainder when 359 is divided by 74?
63
Calculate the remainder when 3636 is divided by 17.
15
Calculate the remainder when 442 is divided by 20.
2
Calculate the remainder when 421 is divided by 106.
103
Calculate the remainder when 789 is divided by 260.
9
Calculate the remainder when 1363 is divided by 22.
21
Calculate the remainder when 206 is divided by 186.
20
What is the remainder when 72 is divided by 17?
4
Calculate the remainder when 93 is divided by 93.
0
What is the remainder when 484 is divided by 164?
156
What is the remainder when 102 is divided by 57?
45
What is the remainder when 99 is divided by 25?
24
Calculate the remainder when 777 is divided by 10.
7
Calculate the remainder when 347 is divided by 35.
32
What is the remainder when 232 is divided by 34?
28
Calculate the remainder when 192 is divided by 49.
45
What is the remainder when 200 is divided by 74?
52
Calculate the remainder when 319 is divided by 20.
19
Calculate the remainder when 29 is divided by 8.
5
What is the remainder when 699 is divided by 120?
99
Calculate the remainder when 670 is divided by 26.
20
Calculate the remainder when 249 is divided by 83.
0
Calculate the remainder when 3039 is divided by 1007.
18
What is the remainder when 114 is divided by 45?
24
Calculate the remainder when 542 is divided by 91.
87
Calculate the remainder when 2447 is divided by 14.
11
Calculate the remainder when 228 is divided by 21.
18
Calculate the remainder when 630 is divided by 22.
14
What is the remainder when 2851 is divided by 124?
123
What is the remainder when 657 is divided by 2?
1
What is the remainder when 795 is divided by 443?
352
What is the remainder when 86 is divided by 23?
17
What is the remainder when 2325 is divided by 19?
7
What is the remainder when 94 is divided by 53?
41
Calculate the remainder when 1723 is divided by 27.
22
What is the remainder when 282 is divided by 32?
26
What is the remainder when 191 is divided by 39?
35
Calculate the remainder when 404 is divided by 64.
20
What is the remainder when 98 is divided by 88?
10
Calculate the remainder when 2291 is divided by 752.
35
What is the remainder when 16 is divided by 10?
6
Calculate the remainder when 295 is divided by 94.
13
Calculate the remainder when 25309 is divided by 13.
11
What is the remainder when 8458 is divided by 94?
92
Calculate the remainder when 665 is divided by 120.
65
What is the remainder when 670 is divided by 16?
14
Calculate the remainder when 775 is divided by 7.
5
Calculate the remainder when 1325 is divided by 642.
41
Calculate the remainder when 13 is divided by 5.
3
What is the remainder when 140 is divided by 59?
22
Calculate the remainder when 106 is divided by 31.
13
What is the remainder when 59 is divided by 38?
21
Calculate the remainder when 57 is divided by 26.
5
Calculate the remainder when 6433 is divided by 13.
11
What is the remainder when 243 is divided by 92?
59
Calculate the remainder when 2831 is divided by 95.
76
Calculate the remainder when 369 is divided by 207.
162
What is the remainder when 248 is divided by 70?
38
What is the remainder when 223 is divided by 78?
67
What is the remainder when 553 is divided by 5?
3
What is the remainder when 355 is divided by 92?
79
Calculate the remainder when 739 is divided by 19.
17
Calculate the remainder when 83 is divided by 18.
11
What is the remainder when 673 is divided by 670?
3
Calculate the remainder when 280 is divided by 75.
55
Calculate the remainder when 2290 is divided by 12.
10
Calculate the remainder when 931 is divided by 47.
38
Calculate the remainder when 615 is divided by 29.
6
Calculate the remainder when 2871 is divided by 359.
358
Calculate the remainder when 252 is divided by 125.
2
Calculate the remainder when 237 is divided by 55.
17
Calculate the remainder when 90 is divided by 46.
44
Calculate the remainder when 640 is divided by 34.
28
Calculate the remainder when 79 is divided by 20.
19
What is the remainder when 222 is divided by 67?
21
What is the remainder when 68 is divided by 35?
33
What is the remainder when 112 is divided by 38?
36
Calculate the remainder when 1148 is divided by 46.
44
What is the remainder when 117 is divided by 12?
9
Calculate the remainder when 292 is divided by 159.
133
Calculate the remainder when 2225 is divided by 139.
1
Calculate the remainder when 52 is divided by 18.
16
What is the remainder when 178 is divided by 26?
22
What is the remainder when 962 is divided by 241?
239
Calculate the remainder when 50 is divided by 13.
11
What is the remainder when 141 is divided by 33?
9
Calculate the remainder when 119 is divided by 116.
3
What is the remainder when 131 is divided by 11?
10
What is the remainder when 2061 is divided by 44?
37
What is the remainder when 7392 is divided by 137?
131
Calculate the remainder when 3822 is divided by 119.
14
Calculate the remainder when 81 is divided by 30.
21
What is the remainder when 3221 is divided by 29?
2
Calculate the remainder when 942 is divided by 23.
22
What is the remainder when 68 is divided by 46?
22
Calculate the remainder when 111 is divided by 6.
3
What is the remainder when 633 is divided by 112?
73
Calculate the remainder when 537 is divided by 174.
15
What is the remainder when 256 is divided by 14?
4
What is the remainder when 132 is divided by 7?
6
Calculate the remainder when 3769 is divided by 10.
9
What is the remainder when 13409 is divided by 15?
14
Calculate the remainder when 305 is divided by 111.
83
What is the remainder when 4077 is divided by 16?
13
Calculate the remainder when 908 is divided by 76.
72
What is the remainder when 199 is divided by 50?
49
What is the remainder when 1050 is divided by 245?
70
What is the remainder when 1015 is divided by 1006?
9
What is the remainder when 151 is divided by 60?
31
Calculate the remainder when 3482 is divided by 7.
3
What is the remainder when 1558 is divided by 25?
8
What is the remainder when 2545 is divided by 14?
11
Calculate the remainder when 2163 is divided by 434.
427
Calculate the 